 + 5. Is 4/u + (-1835)/(-35) a composite number?
False
Suppose -5*s = -5*u + 460, 0*u - 5*u + 2*s + 457 = 0. Let j be (u/(-7))/(-1 + 0). Suppose j*r - 8*r = 1095. Is r a prime number?
False
Let i = 3432 - 1871. Suppose i = 3*p + 2*t, -10*p + 2080 = -6*p + 3*t. Is p a prime number?
True
Let s = 248 + -251. Is (-82)/s*((-10)/(-20) - -10) prime?
False
Let l be (-3)/(-1 - (-1400)/1407). Suppose l*p - 28926 = 594*p. Is p composite?
True
Suppose 0 = -16*p + 112*p + 831885 - 5895597. Is p a composite number?
False
Let z = -165458 - -529753. Is z a composite number?
True
Let c(o) = 321721*o - 2180. Is c(1) prime?
True
Let r(o) = 17766*o**2 + 27*o + 28. Is r(-1) a prime number?
False
Let g(r) = -4*r**3 + 3*r**2 + r - 2. Let d be g(-1). Suppose -11*p + 4431 = -7*p - z, 5*p = d*z + 5536. Suppose -649 - p = -q. Is q a composite number?
True
Suppose -5*x + x - 3*x = 0. Suppose x = -5*o + 5, -2*d + 5*o + 42874 = o. Is d a prime number?
False
Let f = 32155 - -106986. Is f prime?
False
Let q = 297 + -281. Suppose 0 = 4*f - z - 14184, 3*z = -4 + q. Is f composite?
False
Let f be -1 + 6 - (4/2 - -5670). Let r = 11696 + f. Is r a prime number?
True
Let w = 122 - 5979. Let j = w + 12380. Is j prime?
False
Is (1 - -267255) + (30/24 + -2)*-4 a composite number?
False
Suppose -4*g + 47 + 766 = 3*k, -202 = -g - k. Suppose -70*b = -67*b - g. Is b a composite number?
True
Let o(b) = 672*b - 71. Suppose 23*w - 136 - 140 = 0. Is o(w) composite?
False
Suppose -39*w - 634661 = -56*w. Is w a composite number?
True
Suppose 2*g = -2*x + 1564413 + 3342553, 0 = -4*g. Is x a composite number?
False
Let u(d) = 6*d - 2. Let g be u(1). Suppose 5*t - 2*k = -8039, t - 6*t - g*k - 8027 = 0. Let r = t - -2266. Is r prime?
True
Let a(k) be the first derivative of 31*k**4/4 - k**3/3 - 5*k**2/2 + 4*k - 658. Let o(b) = b. Let v be o(5). Is a(v) a prime number?
False
Suppose -f - 291 + 229 = 0. Let g = 145 + f. Is g prime?
True
Let j(x) = -2102*x + 51. Let u = -513 + 508. Is j(u) a composite number?
True
Is (-1 - 2/((-16)/8910))/((-19)/(-4028)) prime?
False
Is (6 - 0/6)/1 - (-579418)/2 a composite number?
True
Suppose 7643322 = -16*w - 18*w + 196*w. Is w a composite number?
True
Let x = 102688 - -13599. Is x composite?
True
Suppose 0 = -f - f + 4. Suppose 0*j = -f*j + 6. Suppose -j*v = -3*g + 2*v + 1262, 837 = 2*g + v. Is g a prime number?
True
Suppose y + 4499 = -i, 4*y = -4*i + 7*i - 18017. Let v be (-1509)/(1*2/(-10)). Let m = y + v. Is m a composite number?
True
Suppose -5*p + 2*x + 5537 = 0, -3*x - 1 + 13 = 0. Let c = 2476 - p. Is c a composite number?
False
Let x(c) = 22*c**3 + 147*c**2 - 7*c + 148. Is x(30) a prime number?
False
Let f(d) = d**3 - 8*d**2 - 23*d + 30. Let k be f(10). Suppose 3*p + p + c - 17285 = k, -3*p + 12966 = 3*c. Is p a prime number?
False
Let l(f) = -f**3 - 27*f**2 + 9*f + 18. Let r be (-7 + 1 - 17) + -6. Is l(r) composite?
False
Suppose 191 = 2*t + 579. Let k = 1049 - t. Is k a composite number?
True
Let r(k) = 25 + 5 + 1 + 123*k + 3 + 0. Suppose 5*b + 40 = 5*f, -2*b + 7*b = -5*f + 10. Is r(f) a composite number?
True
Suppose -4*t + 21*c + 1397696 = 15*c, t = 2*c + 349423. Is t prime?
False
Let b(z) be the third derivative of 29/60*z**5 + 0*z + 30*z**2 + 0 + 0*z**4 - 17/6*z**3. Is b(-4) a composite number?
True
Let l(f) = 4030*f**2 + 100*f + 1397. Is l(-16) a prime number?
True
Let n(d) = -121*d - 12. Let z(b) = -120*b - 13. Let s(h) = -4*n(h) + 3*z(h). Let g(u) = -6*u**3 + 42*u**2 + u + 3. Let x be g(7). Is s(x) composite?
False
Suppose 2*a = -0*a. Suppose a*n = -n + 6. Suppose 0 = n*t + 309 - 2331. Is t composite?
False
Let n = 123 - 645. Let p = 5 - n. Is p prime?
False
Suppose 5*y + 6 = 2*y. Let p be 264 + y/(6/9). Suppose -4*v + p = -v. Is v composite?
True
Let d(k) = 50*k**3 - 24*k**2 + 37*k - 226. Is d(17) a composite number?
True
Suppose 3153*o + 99309 = 3174*o. Is o a prime number?
True
Let g = -1885 - -1005. Let a = -509 - g. Is a composite?
True
Suppose 32*g + 58*g = 28283130. Is g a prime number?
True
Let k(c) = 3254*c**2 - 6*c + 5. Suppose -43*o + 12 = -37*o. Is k(o) composite?
False
Suppose -29*r = -50*r + 2037. Let w = r - 39. Is w prime?
False
Suppose 66*g = 67*g - 18. Suppose -51*a = -54*a + g. Is ((-236)/a)/(10/(-75)) a composite number?
True
Let n(p) = 158*p**2 + 305*p - 4. Is n(15) prime?
False
Suppose 0 = 6*u - 623 + 647. Is (-1 - (-10)/8) + (-5907)/u prime?
False
Let g(c) = 1112*c**3 - 17*c**2 - 18*c + 11. Is g(2) prime?
True
Let p(s) be the third derivative of 7*s**5/60 + s**4/24 - 55*s**3/6 + 46*s**2. Is p(16) composite?
False
Suppose 105*a - 306295 = 919790. Is a a composite number?
False
Let l(k) = -44*k**2 - 29*k + 184. Let y be l(9). Let i = y + 6376. Is i a prime number?
False
Let a(x) = 2*x**2 - x - 2. Let j(u) = -u**3 - 11*u**2 - 11*u - 8. Let q be j(-10). Let g be a(q). Let m(r) = 91*r**2 - r + 7. Is m(g) prime?
True
Let f(v) = 8030*v**2 - 217*v - 1064. Is f(-5) a composite number?
False
Let x(f) = 4297*f**3 + 7*f**2 + 46*f - 85. Is x(2) prime?
False
Is 2265352 - 14/14*-19 composite?
False
Suppose -16*u = -8*u - 21936. Suppose i - u = 5*f, 2*i - f = 3*i - 2748. Is i a composite number?
True
Is 831/(7/((-3633)/(-9))) composite?
True
Is (-5)/15 + (-6)/36*-102044 prime?
False
Let b be (3/15)/(29/(-15) - -2). Suppose -b*m + 23064 = -32553. Is m prime?
True
Suppose 0*w - 40 = -10*w. Suppose 4*h - 24273 = v, -9*v - 24283 = -w*h - 6*v. Is h composite?
False
Suppose -3*y - y + 2412 = 0. Let p = y + -1679. Let t = p - -1753. Is t composite?
False
Let t be (4 - 3) + 7/(-7). Is -4 - (-4 + t - 7199) a prime number?
False
Let q = -8950 - -22591. Is q composite?
True
Let s(u) = 1426*u**2 + 87*u - 177. Is s(2) a prime number?
True
Let m = 702806 - -1579209. Is m prime?
False
Suppose -6*s + 5598 = -0*s. Suppose t - s = -r, 0 = -3*r + 4*r + 5*t - 917. Is r prime?
True
Is (-6)/8 + (104841015/(-92))/(-15) prime?
False
Let d = -12 + 15. Let k be (d/2)/((-15)/(-30)). Is (0 - -686)/1 - k composite?
False
Suppose -22*y = 644817 - 2980799. Is y composite?
False
Let n = 1121540 + -205243. Is n a prime number?
False
Let g(a) = -216*a - 278. Is g(-19) a composite number?
True
Suppose -5*q + 1083 = -2*d + 4362, -2*d + q = -3275. Is d composite?
False
Suppose -14*q = -15*q + 1073. Let n = 3027 - q. Is n prime?
False
Let x(n) = -35*n**2 + 6*n - 3. Let w(a) = 33*a**2 - 5*a + 2. Let d(g) = -2*w(g) - 3*x(g). Is d(6) composite?
False
Suppose 12*x - 33165 = -269253. Is (-25 - -24)/(-2 - x/9838) prime?
True
Let x be (-2*1)/((-14)/112). Let q be (-2)/x - 132/(-32). Is (6/q)/((-15)/(-3010)) a composite number?
True
Is (-4 - -3)/(14 + (-76550123)/5467865) prime?
False
Let t = 52382 + 27689. Is t prime?
True
Let b(u) be the third derivative of u**6/60 + u**5/30 - 19*u**4/12 - u**3/6 - 73*u**2. Is b(9) prime?
True
Suppose -s + 17496 = 4*o - 48887, 2*s + 10 = 0. Is o prime?
False
Let p(s) = 622*s**3 - 86*s**2 + 11*s - 55. Is p(6) composite?
False
Let f be (-1 - -2)/((-2)/(-10)). Let j = 10548 - 16643. Is 1/(((-25)/j)/f) a composite number?
True
Let s be (-3 - -1)*329/(-14). Let x = s - 47. Suppose x = -2*a + 3*a - 683. Is a a composite number?
False
Suppose -4*p = 4*q, -5*p - 3 = 7. Suppose 24500 - 7014 = q*i. Is i composite?
True
Suppose 801449 = 159*u - 148*u. Is u a composite number?
False
Let s(t) = -4397*t + 1762. Is s(-23) a prime number?
False
Let f(a) = 27374*a**2 - 153*a + 151. Is f(12) a composite number?
False
Let p be (-15)/12 - (-495)/44. Suppose -12*w - p*w + 118052 = 0. Is w a prime number?
False
Let f = -15 + 19. Suppose 0 = -5*h - 1 - f. Is (-123)/2*h/(-3)*-6 a prime number?
False
Suppose 4*n - 4 = 0, -2*u - 2*n = 6 - 16. Suppose 3450 = -5*i - 3*x, -2619 - 104 = u*i - 5*x. Let r = 122 - i. Is r composite?
False
Is ((-8043244)/136)/((-1)/2) a composite number?
True
Let f be -9*(-55)/198*(-5630 - -2). Let l = -1555 - f. Is l prime?
False
Let j(q) = -2*q**3 - 3*q**2 + 2*q - 1. Let o be j(-3). Let k(f) = 31 - 8*f - 6*f - o*f - 96. Is k(-16) a composite number?
False
Suppose -2*z + 9 = -0*j + 3*j, -19 = -5*z - 4*j. Suppose z*s - 3263 = 1129. Suppose 2*n + 264 - 1742 = -2*v, -2*v = -5*n - s. Is v a prime number?
False
Let j be (-2)/((-12)/(-30)) + -54*96. Let v = -3072 - j. Is v prime?
False
Let v(c) = 183*c**2 + 687*c - 17. Is v(-31) a prime number?
Fals